 + (-9)/n + 0. Let h(m) = -9*m + 2. Give h(f).
-16
Let m(g) = -g**2 + 6*g + 1. Let f be ((2/5)/2)/(79/42265). Let n = f + -102. Give m(n).
6
Suppose s + 678 = 3*b + 2*b, 0 = -4*b - 5*s + 525. Let z = b - 136. Let q(w) = -9*w**2 - w. Give q(z).
-8
Let w(t) = 6*t**2 + 5*t - 4. Let q(p) = -30*p**2 - 22*p + 19. Let m(j) = -3*q(j) - 14*w(j). Determine m(-3).
65
Suppose 4*s = 3*l + 84, -2*s - 140 = -7*s - 5*l. Let u be 1/5 - (-11)/(330/s). Suppose 22 = -3*o + u. Let y(m) = -m**3 - 8*m**2 - 5*m - 4. Calculate y(o).
-18
Let z be 6/(-8) + (-3 - (-17)/(-4)). Let g(k) = -884*k + 2 + 4 + 885*k. What is g(z)?
-2
Suppose 0 = -28*i + 25*i - 15, 2*i = 3*a - 10. Let l(q) = 23 - q**2 + 0*q + 0*q. Determine l(a).
23
Let x(o) = -o + 2. Let s(z) = 2*z + 2. Suppose -2*m = 3*m + 20. Let h be s(m). Let u(a) = -2*a**3 - 12*a**2 + 2*a + 10. Let t be u(h). Give x(t).
4
Let c(p) = 2*p + 10. Suppose 37 = -r + 13. Let m be -78*4/r*4. Let k = 45 - m. Give c(k).
-4
Let o(m) = 12*m + 1. Let b(t) be the third derivative of -5*t**4/24 - 11*t**3/6 - 22*t**2. Let i be b(-3). Suppose -22*k - i = -24*k. What is o(k)?
25
Let y(n) = -2 - 278419*n**2 - 5*n - 11 + 1 + 278426*n**2 + n**3. What is y(-8)?
-36
Let p(x) be the second derivative of 1/2*x**2 + 106*x - 1/3*x**3 + 0*x**4 + 0 + 1/20*x**5. Determine p(-2).
-3
Suppose -8*h - 16 = -584. Let f(w) = 22 - h - w + 27 + 20. Determine f(5).
-7
Let n = -1 + 3. Let u = 2343 + -2340. Let k(b) = -741*b**n + 1 + 739*b**2 + u*b - 5*b + 3*b. Calculate k(-1).
-2
Let z(w) = 36*w**2 + 31*w - 73. Let b be z(19). Let s(q) = 1 + 8*q**2 + 8*q**2 - 13510*q + b*q. Determine s(-1).
15
Let p(i) = i**3 + 4*i**2 - 5. Let k = 193 - 105. Let q = -92 + k. Calculate p(q).
-5
Let r(b) be the second derivative of b**5/20 + 3*b**4/4 - 4*b**2 + 15*b. Suppose -3*i - 22 = -5*w, -4*i = -0*i - 2*w + 34. What is r(i)?
-8
Let p be 3/((-4)/(16/(-3))). Let u(f) = -2*f**3 + 3*f - 4. Let x(w) = -33*w + 57*w + 6*w**3 + 10 - 32*w + 1 - w**3. Let j(k) = p*x(k) + 11*u(k). What is j(-1)?
1
Let l(k) be the third derivative of -3/2*k**3 + 0 + 1/60*k**5 - 13/24*k**4 + 12*k + k**2. What is l(13)?
-9
Let w(b) = 2 - b + 0*b + 0. Let n be (21/(-35)*2)/(3/(-10)). Suppose -n*t - 25 = g, -5 = -t - 16*g + 12*g. Calculate w(t).
9
Let r(p) = 9*p. Let l(d) be the second derivative of -d**3/3 - 35*d**2/2 - 30*d. Let j be l(-21). Suppose -j*s = 2*c - 3*s, c + 4*s = 2. What is r(c)?
-18
Suppose -27480 + 27400 = -16*z. Let v(r) = 2*r + 5. Calculate v(z).
15
Let t be 0 + 3 + -1 + -12. Let w(m) be the second derivative of m**4/12 + 3*m**3/2 - 6*m**2 + 7*m + 4. Determine w(t).
-2
Let v(m) be the third derivative of m**4/12 - m**3/3 + 8*m**2. Suppose 92*k - 9*k + 110 + 56 = 0. What is v(k)?
-6
Let i(l) be the second derivative of -l**3/3 - l**2 + l. Suppose -5*h - o = -10, -45*o + 47*o + 4 = 2*h. Let a be (-217)/(-62) + (-3)/h. Give i(a).
-6
Let n = 39 + -36. Let o be 10*(4 - n)*-4. Let g = 38 + o. Let h(p) = -4*p + 1. What is h(g)?
9
Suppose 4*t + 3*z - 24 = 0, -6*t = -t + z - 41. Let a(j) = -j**3 + 5*j**2 - 26 - 4*j + t*j - 10*j + 28. Let k = -4 + 8. Give a(k).
-2
Let w(d) = -3*d**3 - 15*d**2 + 43*d + 21. Let j(n) = 2*n**3 + 7*n**2 - 23*n - 10. Let k(c) = -5*j(c) - 3*w(c). Give k(8).
3
Let l(y) = 3 + 4*y + 0*y + 2 - y**2. Let t = -15378 + 9190. Let m be t/(-1092) + (2 + -1)/3. Determine l(m).
-7
Let y(n) be the first derivative of -7*n**2/2 + 14*n + 1933. Give y(8).
-42
Let o(l) = 45*l + 48*l - 203*l + 59*l + 59*l. What is o(1)?
8
Let o(z) = -10*z**2 + 162*z - 314. Let w be o(14). Let u(r) = -7*r + 3*r - r**2 + 1 - 2*r. Give u(w).
1
Let h(k) = -k - 17. Let x(u) = -u - 41. Let s(i) = 2*h(i) - x(i). What is s(4)?
3
Let h(m) = 140808 - 58*m - 140803 + 63*m. Suppose -2*p + 4 = -2. Give h(p).
20
Let q(a) = -a**3 - 9*a**2 - 5*a - 12. Let s be q(-9). Let h(g) = -34*g - s*g + 68*g + 2. Let k = 56 + -54. Give h(k).
4
Let x = -4361 + 4373. Let d(q) = q**3 - 12*q**2 + 2*q - 2. Determine d(x).
22
Suppose 0 = 5*r - 94 + 149. Let s(j) be the third derivative of -j**4/24 - 5*j**3/2 - 116*j**2. What is s(r)?
-4
Let f(k) = -k**2 - 93*k - 1822. Let p be f(-28). Let g(l) be the second derivative of -l**5/20 - l**4/12 + l**2 + l. Determine g(p).
6
Let f = 774 + -223. Suppose -3 = -3*x, x = -y - 4*y + f. Let h = y - 111. Let q(j) = 12*j. Give q(h).
-12
Let d(c) = c**3 + 3*c**2 - c - 4. Suppose 3*q + 5*b = 24, -5*q + 2*b + 3 = -6. Suppose 97 = q*j - 35. Let o = j + -48. What is d(o)?
-16
Let w(q) = -7*q**2 - q + 8. Let m(d) = -25*d**2 - 5*d + 4. Let z(t) = 56*t**2 + 11*t - 9. Let o(k) = 9*m(k) + 4*z(k). Let r(a) = 6*o(a) - w(a). What is r(8)?
16
Let g be ((-1705)/30)/(-31) - (-4)/24. Let n(z) = -23*z + 49. Calculate n(g).
3
Suppose -3*t - 5*u = 42, 16 = 3*u + 7. Let n(g) = -7*g - 138. Calculate n(t).
-5
Let n(f) = -4*f - 6. Let d(j) = j. Let x(o) = -3*d(o) - n(o). Let t = -146 - -134. Let v(i) = -5*i - 64. Let w be v(t). Calculate x(w).
2
Let x(p) = p**2 + 686*p - 691*p - p**2 + p**2 - 5. Let h be (30 - 3) + (1 - -1). Suppose -4*f = -3*b + h, -2*f - 2*f + 27 = 5*b. Determine x(b).
9
Suppose -5*j - 4*x + 28 = -4*j, 3*j = 5*x - 1. Let u(m) = -2 + m**3 - 4*m**3 + j*m + 2*m**3 - 7*m**2. Suppose 9*q + 40 = 4*q. Determine u(q).
-2
Let b(r) be the first derivative of -4*r**2 + 3*r + 27. Suppose -2*d = -23 + 5. Let j be (-9)/(-15)*30/d. Calculate b(j).
-13
Let x(i) = i + 5. Let p(b) = b**2 - 5*b - 28. Let u be p(9). Suppose -9*h - 62 + u = 0. Give x(h).
-1
Let k(v) = v**2 + v - 12. Let g be k(-5). Suppose 0 = -g*a - 7*a + 15. Let s = a - -5. Let l(o) = -o + 10. Give l(s).
4
Let t(p) = -2*p + 10. Let h(c) = 2*c**3 - 17*c**2 - 8*c - 3. Suppose -44*l + 81 = -35*l. Let j be h(l). Determine t(j).
-2
Suppose 0 = -v - 9*s + 12*s + 95, 0 = 2*v - 2*s - 178. Suppose -v = -4*w - 102. Let i(j) = -j**3 - 3*j**2 + 6*j + 1. Give i(w).
-7
Let o = -754 - -745. Let z(h) = -h**2 - 10*h + 10. Give z(o).
19
Let j(l) = -l**2 + 15*l + 5. Let v = 2573 + -2556. Determine j(v).
-29
Let o = -117 + 122. Suppose o*a - 95 = -15. Let p be (a/(-10) + 2)/(28/420). Let i(k) = k**3 - 6*k**2 - k + 5. Determine i(p).
-1
Let q(m) be the first derivative of 3*m**2 + 63*m - 951. Determine q(-13).
-15
Let i(k) be the third derivative of k**5/12 - 7*k**4/24 + 3*k**3/2 - 60*k**2 + 2*k - 20. Calculate i(2).
15
Let v(r) = -4 + 5*r + 19*r**2 - 20*r**2 + 1. Let t = 103 - 109. Let p be ((-24)/(-4))/(t/(-3)). What is v(p)?
3
Let c(d) = -4*d + 61 - 97 + 3. Give c(-11).
11
Let k be (1 + 3)/(1 + 0). Let a be ((-18)/k - -3)*-2. Let g(d) be the third derivative of d**5/60 - d**4/8 - d**3/3 - 31*d**2. Calculate g(a).
-2
Let t(l) = -31 - 40 - 15*l - 26 - 66 - 14*l. Give t(-6).
11
Let o(w) = -w**3 - 2 - 19*w - 3*w**2 + 11 + 64*w - 21*w - 20*w. Calculate o(-3).
-3
Let b(p) = p - 9. Let o(f) = f. Let z(m) = -2*m + 13. Let k(s) = 2*o(s) - z(s). Let y be k(4). Suppose 1 + y = h. What is b(h)?
-5
Let o(g) = 9*g**2 + 15*g + 84. Let l(a) = a**2 + 2*a + 8. Let z(m) = -19*l(m) + 2*o(m). Calculate z(9).
-137
Let y(d) = -d**3 - d**2 - 2*d - 2. Let t = -55 + 227. Suppose 0 = -14*m + 18*m - t. Suppose m*x = 48*x + 10. Calculate y(x).
6
Let n(s) = -s**3 - 5*s**2 - 2*s - 1. Let d = 1424 - 1430. Give n(d).
47
Let m(h) be the third derivative of h**5/60 - h**4/8 + 11*h**3/3 - 13*h**2 - 1. Let l(q) = -6*q**2 + 20*q - 131. Let y(z) = 2*l(z) + 13*m(z). Give y(0).
24
Suppose -2*m = w, 6*m - 5*w = 8*m + 16. Let c(a) = -a - 5*a + 7*a - m*a - 2. Calculate c(0).
-2
Suppose 40 + 20 = 2597*k - 2585*k. Let a(b) = 1. Let x(y) = y + 2. Let j(l) = -4*a(l) - x(l). Calculate j(k).
-11
Suppose 0 = -48*s + 6*s + 378. Suppose s*z = 10*z + 8. Let b(k) = 3*k + 2. What is b(z)?
-22
Let c be 2130/300 - (-1)/(-10). Let q(p) = -75 + 77 + 8*p - c*p. What is q(-7)?
-5
Let g(k) = k**2 - 2*k - 31. Let l be g(8). Suppose -4*q = -4, 3*j + l = -0*j - q. Let y(d) = d**3 + 5*d**2 - 6*d - 1. Give y(j).
-1
Let s = -6124 - -6111. Let y(d) = d**3 - d**2 - d. Let z(o) = 5*o**3 - 18*o**2 + 9*o + 16. Let j(v) = -6*y(v) + z(v). Give j(s).
-10
Let n(j) be the third derivative of 0*j - j**2 + 1/12*j**4 - 11 + 1/6*j**3. Give n(4).
9
Suppose -147*j + 71*j - 20 = -81*j. Let u(d) = d**3 - 6*d**2 + 2*d + 3. What is u(j)?
-21
Let l(j) be the second derivative of 0 + j**2 - 1/6*j**3 + 5*j. Let c = -534 - -536. Calculate l(c).
0
Let n(f) be the fi